-- http://www.phpmyadmin.net
-- 
-- โฮสต์: localhost
-- เวลาในการสร้าง: 
-- รุ่นของเซิร์ฟเวอร์: 5.0.45
-- รุ่นของ PHP: 5.2.3


-- --------------------------------------------------------

-- 
-- โครงสร้างตาราง `category`
-- 

CREATE TABLE `category` (
  `CatID` int(4) NOT NULL auto_increment,
  `CategoryName` varchar(100) NOT NULL default '',
  `CheckStock` int(3) NOT NULL default '0',
  `Picture` varchar(100) NOT NULL default '',
  PRIMARY KEY  (`CatID`)
) ENGINE=MyISAM  DEFAULT CHARSET=utf8 AUTO_INCREMENT=17 ;

-- 
-- dump ตาราง `category`
-- 

INSERT INTO `category` VALUES (1, 'ตุ๊กตาหมี', 5, '1.gif');
INSERT INTO `category` VALUES (2, 'ตุ๊กตาหมา', 5, '2.gif');
INSERT INTO `category` VALUES (3, 'ตุ๊กตาเด็ก', 5, '3.gif');
INSERT INTO `category` VALUES (4, 'ตุ๊กตาคิ๊ดตี้', 5, '4.gif');
INSERT INTO `category` VALUES (5, 'ตุ๊กตาสัตว์เลี้ยง', 5, '5.gif');
INSERT INTO `category` VALUES (6, 'ตุ๊กตาอื่น ๆ', 5, '6.gif');

-- --------------------------------------------------------

-- 
-- โครงสร้างตาราง `counter`
-- 

CREATE TABLE `counter` (
  `COUNTER` int(10) NOT NULL default '0'
) ENGINE=MyISAM DEFAULT CHARSET=utf8;

-- 
-- dump ตาราง `counter`
-- 

INSERT INTO `counter` VALUES (107);

-- --------------------------------------------------------

-- 
-- โครงสร้างตาราง `cusorder`
-- 

CREATE TABLE `cusorder` (
  `OrderNo` varchar(20) NOT NULL default '',
  `MemberID` int(10) NOT NULL default '0',
  `status` int(1) NOT NULL default '1',
  `Total` int(10) NOT NULL default '0',
  `Date` date NOT NULL default '0000-00-00',
  PRIMARY KEY  (`OrderNo`)
) ENGINE=MyISAM DEFAULT CHARSET=utf8;

-- 
-- dump ตาราง `cusorder`
-- 

INSERT INTO `cusorder` VALUES ('ORDER-000000', 1, 1, 669, '2008-04-04');

-- --------------------------------------------------------

-- 
-- โครงสร้างตาราง `gen_stock`
-- 

CREATE TABLE `gen_stock` (
  `GenStockID` int(10) NOT NULL auto_increment,
  `StockID` int(10) NOT NULL default '0',
  `Date` date NOT NULL default '0000-00-00',
  `Quantity` int(5) NOT NULL default '0',
  PRIMARY KEY  (`GenStockID`)
) ENGINE=MyISAM  DEFAULT CHARSET=utf8 AUTO_INCREMENT=4 ;

-- 
-- dump ตาราง `gen_stock`
-- 

INSERT INTO `gen_stock` VALUES (3, 1, '2008-04-27', 5);

-- --------------------------------------------------------

-- 
-- โครงสร้างตาราง `menu`
-- 

CREATE TABLE `menu` (
  `MenuID` int(1) NOT NULL default '0',
  `MenuName` varchar(100) NOT NULL default '',
  `Description` text NOT NULL,
  PRIMARY KEY  (`MenuID`)
) ENGINE=MyISAM DEFAULT CHARSET=utf8;

-- 
-- dump ตาราง `menu`
-- 

INSERT INTO `menu` VALUES (1, 'วิธีการสั่งซื้อ', 'วิธีการสั่งซื้อ วิธีการสั่งซื้อ วิธีการสั่งซื้อ วิธีการสั่งซื้อ วิธีการสั่งซื้อ <BR>วิธีการสั่งซื้อ วิธีการสั่งซื้อ วิธีการสั่งซื้อ วิธีการสั่งซื้อ วิธีการสั่งซื้อ <BR>วิธีการสั่งซื้อ วิธีการสั่งซื้อ วิธีการสั่งซื้อ วิธีการสั่งซื้อ วิธีการสั่งซื้อ<BR>วิธีการสั่งซื้อ วิธีการสั่งซื้อ วิธีการสั่งซื้อ วิธีการสั่งซื้อ วิธีการสั่งซื้อ <BR>วิธีการสั่งซื้อ วิธีการสั่งซื้อ วิธีการสั่งซื้อ วิธีการสั่งซื้อ วิธีการสั่งซื้อ <BR>วิธีการสั่งซื้อ วิธีการสั่งซื้อ วิธีการสั่งซื้อ วิธีการสั่งซื้อ วิธีการสั่งซื้อ&nbsp; <BR><BR>วิธีการสั่งซื้อ วิธีการสั่งซื้อ วิธีการสั่งซื้อ วิธีการสั่งซื้อ วิธีการสั่งซื้อ <BR>วิธีการสั่งซื้อ วิธีการสั่งซื้อ วิธีการสั่งซื้อ วิธีการสั่งซื้อ วิธีการสั่งซื้อ <BR>วิธีการสั่งซื้อ วิธีการสั่งซื้อ วิธีการสั่งซื้อ วิธีการสั่งซื้อ วิธีการสั่งซื้อ<BR>วิธีการสั่งซื้อ วิธีการสั่งซื้อ วิธีการสั่งซื้อ วิธีการสั่งซื้อ วิธีการสั่งซื้อ <BR>วิธีการสั่งซื้อ วิธีการสั่งซื้อ วิธีการสั่งซื้อ วิธีการสั่งซื้อ วิธีการสั่งซื้อ <BR>วิธีการสั่งซื้อ วิธีการสั่งซื้อ วิธีการสั่งซื้อ วิธีการสั่งซื้อ วิธีการสั่งซื้อ<BR><BR>วิธีการสั่งซื้อ วิธีการสั่งซื้อ วิธีการสั่งซื้อ วิธีการสั่งซื้อ วิธีการสั่งซื้อ <BR>วิธีการสั่งซื้อ วิธีการสั่งซื้อ วิธีการสั่งซื้อ วิธีการสั่งซื้อ วิธีการสั่งซื้อ <BR>วิธีการสั่งซื้อ วิธีการสั่งซื้อ วิธีการสั่งซื้อ วิธีการสั่งซื้อ วิธีการสั่งซื้อ<BR>วิธีการสั่งซื้อ วิธีการสั่งซื้อ วิธีการสั่งซื้อ วิธีการสั่งซื้อ วิธีการสั่งซื้อ <BR>วิธีการสั่งซื้อ วิธีการสั่งซื้อ วิธีการสั่งซื้อ วิธีการสั่งซื้อ วิธีการสั่งซื้อ <BR>วิธีการสั่งซื้อ วิธีการสั่งซื้อ วิธีการสั่งซื้อ วิธีการสั่งซื้อ วิธีการสั่งซื้อ');
INSERT INTO `menu` VALUES (2, 'วิธีการชำระเงิน', 'วิธีการชำระเงิน วิธีการชำระเงิน วิธีการชำระเงิน วิธีการชำระเงิน<BR>วิธีการชำระเงิน วิธีการชำระเงิน วิธีการชำระเงิน วิธีการชำระเงิน<BR>วิธีการชำระเงิน วิธีการชำระเงิน วิธีการชำระเงิน วิธีการชำระเงิน<BR>วิธีการชำระเงิน วิธีการชำระเงิน วิธีการชำระเงิน วิธีการชำระเงิน<BR>วิธีการชำระเงิน วิธีการชำระเงิน วิธีการชำระเงิน วิธีการชำระเงิน<BR>วิธีการชำระเงิน วิธีการชำระเงิน วิธีการชำระเงิน วิธีการชำระเงิน <BR><BR>วิธีการชำระเงิน วิธีการชำระเงิน วิธีการชำระเงิน วิธีการชำระเงิน<BR>วิธีการชำระเงิน วิธีการชำระเงิน วิธีการชำระเงิน วิธีการชำระเงิน<BR>วิธีการชำระเงิน วิธีการชำระเงิน วิธีการชำระเงิน วิธีการชำระเงิน<BR>วิธีการชำระเงิน วิธีการชำระเงิน วิธีการชำระเงิน วิธีการชำระเงิน<BR>วิธีการชำระเงิน วิธีการชำระเงิน วิธีการชำระเงิน วิธีการชำระเงิน<BR>วิธีการชำระเงิน วิธีการชำระเงิน วิธีการชำระเงิน วิธีการชำระเงิน<BR><BR>วิธีการชำระเงิน วิธีการชำระเงิน วิธีการชำระเงิน วิธีการชำระเงิน<BR>วิธีการชำระเงิน วิธีการชำระเงิน วิธีการชำระเงิน วิธีการชำระเงิน<BR>วิธีการชำระเงิน วิธีการชำระเงิน วิธีการชำระเงิน วิธีการชำระเงิน<BR>วิธีการชำระเงิน วิธีการชำระเงิน วิธีการชำระเงิน วิธีการชำระเงิน<BR>วิธีการชำระเงิน วิธีการชำระเงิน วิธีการชำระเงิน วิธีการชำระเงิน<BR>วิธีการชำระเงิน วิธีการชำระเงิน วิธีการชำระเงิน วิธีการชำระเงิน<BR><BR>วิธีการชำระเงิน วิธีการชำระเงิน วิธีการชำระเงิน วิธีการชำระเงิน<BR>วิธีการชำระเงิน วิธีการชำระเงิน วิธีการชำระเงิน วิธีการชำระเงิน<BR>วิธีการชำระเงิน วิธีการชำระเงิน วิธีการชำระเงิน วิธีการชำระเงิน<BR>วิธีการชำระเงิน วิธีการชำระเงิน วิธีการชำระเงิน วิธีการชำระเงิน<BR>วิธีการชำระเงิน วิธีการชำระเงิน วิธีการชำระเงิน วิธีการชำระเงิน<BR>วิธีการชำระเงิน วิธีการชำระเงิน วิธีการชำระเงิน วิธีการชำระเงิน<BR><BR>');
INSERT INTO `menu` VALUES (3, 'วิธีการรับสินค้า', 'วิธีการรับสินค้า วิธีการรับสินค้า วิธีการรับสินค้า วิธีการรับสินค้า <BR>วิธีการรับสินค้า วิธีการรับสินค้า วิธีการรับสินค้า วิธีการรับสินค้า <BR>วิธีการรับสินค้า วิธีการรับสินค้า วิธีการรับสินค้า วิธีการรับสินค้า <BR>วิธีการรับสินค้า วิธีการรับสินค้า วิธีการรับสินค้า วิธีการรับสินค้า <BR>วิธีการรับสินค้า วิธีการรับสินค้า วิธีการรับสินค้า วิธีการรับสินค้า <BR><BR>วิธีการรับสินค้า วิธีการรับสินค้า วิธีการรับสินค้า วิธีการรับสินค้า <BR>วิธีการรับสินค้า วิธีการรับสินค้า วิธีการรับสินค้า วิธีการรับสินค้า <BR>วิธีการรับสินค้า วิธีการรับสินค้า วิธีการรับสินค้า วิธีการรับสินค้า <BR>วิธีการรับสินค้า วิธีการรับสินค้า วิธีการรับสินค้า วิธีการรับสินค้า <BR>วิธีการรับสินค้า วิธีการรับสินค้า วิธีการรับสินค้า วิธีการรับสินค้า <BR><BR>วิธีการรับสินค้า วิธีการรับสินค้า วิธีการรับสินค้า วิธีการรับสินค้า <BR>วิธีการรับสินค้า วิธีการรับสินค้า วิธีการรับสินค้า วิธีการรับสินค้า <BR>วิธีการรับสินค้า วิธีการรับสินค้า วิธีการรับสินค้า วิธีการรับสินค้า <BR>วิธีการรับสินค้า วิธีการรับสินค้า วิธีการรับสินค้า วิธีการรับสินค้า <BR>วิธีการรับสินค้า วิธีการรับสินค้า วิธีการรับสินค้า วิธีการรับสินค้า <BR><BR>วิธีการรับสินค้า วิธีการรับสินค้า วิธีการรับสินค้า วิธีการรับสินค้า <BR>วิธีการรับสินค้า วิธีการรับสินค้า วิธีการรับสินค้า วิธีการรับสินค้า <BR>วิธีการรับสินค้า วิธีการรับสินค้า วิธีการรับสินค้า วิธีการรับสินค้า <BR>วิธีการรับสินค้า วิธีการรับสินค้า วิธีการรับสินค้า วิธีการรับสินค้า <BR>วิธีการรับสินค้า วิธีการรับสินค้า วิธีการรับสินค้า วิธีการรับสินค้า <BR>');
INSERT INTO `menu` VALUES (4, 'ติดต่อเรา', 'ติดต่อเรา ติดต่อเรา ติดต่อเรา ติดต่อเรา ติดต่อเรา <BR>ติดต่อเรา ติดต่อเรา ติดต่อเรา ติดต่อเรา ติดต่อเรา <BR>ติดต่อเรา ติดต่อเรา ติดต่อเรา ติดต่อเรา ติดต่อเรา <BR>ติดต่อเรา ติดต่อเรา ติดต่อเรา ติดต่อเรา ติดต่อเรา <BR><BR>ติดต่อเรา ติดต่อเรา ติดต่อเรา ติดต่อเรา ติดต่อเรา <BR>ติดต่อเรา ติดต่อเรา ติดต่อเรา ติดต่อเรา ติดต่อเรา <BR>ติดต่อเรา ติดต่อเรา ติดต่อเรา ติดต่อเรา ติดต่อเรา <BR>ติดต่อเรา ติดต่อเรา ติดต่อเรา ติดต่อเรา ติดต่อเรา <BR><BR>ติดต่อเรา ติดต่อเรา ติดต่อเรา ติดต่อเรา ติดต่อเรา <BR>ติดต่อเรา ติดต่อเรา ติดต่อเรา ติดต่อเรา ติดต่อเรา <BR>ติดต่อเรา ติดต่อเรา ติดต่อเรา ติดต่อเรา ติดต่อเรา <BR>ติดต่อเรา ติดต่อเรา ติดต่อเรา ติดต่อเรา ติดต่อเรา <BR><BR>ติดต่อเรา ติดต่อเรา ติดต่อเรา ติดต่อเรา ติดต่อเรา <BR>ติดต่อเรา ติดต่อเรา ติดต่อเรา ติดต่อเรา ติดต่อเรา <BR>ติดต่อเรา ติดต่อเรา ติดต่อเรา ติดต่อเรา ติดต่อเรา <BR>ติดต่อเรา ติดต่อเรา ติดต่อเรา ติดต่อเรา ติดต่อเรา <BR><BR>ติดต่อเรา ติดต่อเรา ติดต่อเรา ติดต่อเรา ติดต่อเรา <BR>ติดต่อเรา ติดต่อเรา ติดต่อเรา ติดต่อเรา ติดต่อเรา <BR>ติดต่อเรา ติดต่อเรา ติดต่อเรา ติดต่อเรา ติดต่อเรา <BR>ติดต่อเรา ติดต่อเรา ติดต่อเรา ติดต่อเรา ติดต่อเรา ');
INSERT INTO `menu` VALUES (5, 'ธนาคาร', '<P><STRONG>กรณีชำระเงินผ่านธนาคาร กรุณาชำระเงินดังนี้</STRONG><BR>1.ธนาคารกรุงไทย เลขที่บัญชี 123-4-567-890<BR>สาขา อนุสาวรีย์ บัญชี ออมทรัยพ์<BR><BR>2.ธนาคารกรุงไทย เลขที่บัญชี 123-4-567-890<BR>สาขา อนุสาวรีย์ บัญชี ออมทรัยพ์</P>\r\n<P>3.ธนาคารกรุงไทย เลขที่บัญชี 123-4-567-890<BR>สาขา อนุสาวรีย์ บัญชี ออมทรัยพ์<BR><BR>4.ธนาคารกรุงไทย เลขที่บัญชี 123-4-567-890<BR>สาขา อนุสาวรีย์ บัญชี ออมทรัยพ์</P>');
INSERT INTO `menu` VALUES (6, 'เงื่อนไขการสมัครสมาชิก', '<STRONG>ข้อตกลงการใช้บริการเว็บไซต์ crochet-pattern.com<BR><BR></STRONG>เพื่อความสะดวกในการ Shopping online<BR>ยินดีต้อนรับ!! สมัครสมาชิกกับ crochet-pattern.com วันนี้! เพื่อรับข่าวสาร ข้อมูล ที่น่าสนใจ และเพื่อความสะดวกและความปลอดภัยสูงสุดของคุณ ในการเข้าชมและสั่งซื้อสินค้า คุณมีความจำเป็น ที่จะต้องสมัครเป็นสมาชิกกับ crochet-pattern.com \r\n<P>ในการสมัครสมาชิก crochet-pattern.com กรุณาอ่านข้อความด้านล่างนี้โดยละเอียด เพื่อรักษาสิทธิประโยชน์ในการเป็นสมาชิกของคุณ<BR><BR>1. การสมัครสมาชิก crochet-pattern.com ไม่ต้องเสียค่าใช้จ่ายใดๆ ทั้งสิ้น <BR><BR><BR>2. ผู้ที่ต้องการสมัครสมาชิก ต้องกรอกข้อมูลที่เป็นจริงแก่ crochet-pattern.com ให้ครบทุกข้อ เพื่อสิทธิประโยชน์ของคุณเองในการเข้าร่วมกิจกรรมของ crochet-pattern.com หาก crochet-pattern.com ตรวจสอบพบว่า คุณให้ข้อมูลเท็จ crochet-pattern.com มีสิทธิ์ยกเลิกการเป็นสมาชิกทันที โดยไม่ต้องแจ้งให้คุณทราบ <BR><BR>3. crochet-pattern.com ถือว่าความเป็นส่วนตัวเป็นเรื่องสำคัญมาก และข้อมูลของสมาชิกจะถูกเก็บเป็นความลับอย่างสูงสุด crochet-pattern.com จะไม่เปิดเผยข้อมูลของคุณ ยกเว้นในกรณีที่เป็นคำร้องขอจากศาล <BR><BR>4. สมาชิกจะยอมรับ e-mail ที่ crochet-pattern.com จะทำการส่งข้อมูลข่าวสาร และข้อเสนอพิเศษ และส่วนลดต่างๆ ให้กับสมาชิกรับทราบ <BR><BR>5. หากไม่มีรายการใดๆ เคลื่อนไหวใน crochet-.pattern.com ภายในระยะเวลา 3 เดือน crochet-pattern.com สามารถยกเลิกการเป็นสมาชิกโดยไม่ต้องแจ้งให้ทราบ</P>');

-- --------------------------------------------------------

-- 
-- โครงสร้างตาราง `orderid`
-- 

CREATE TABLE `orderid` (
  `OrderID` int(11) NOT NULL default '0'
) ENGINE=MyISAM DEFAULT CHARSET=utf8;

-- 
-- dump ตาราง `orderid`
-- 

INSERT INTO `orderid` VALUES (1);

-- --------------------------------------------------------

-- 
-- โครงสร้างตาราง `order_detail`
-- 

CREATE TABLE `order_detail` (
  `OrderNo` varchar(20) NOT NULL default '',
  `ProductID` int(5) NOT NULL default '0',
  `Quanlity` int(5) NOT NULL default '0'
) ENGINE=MyISAM DEFAULT CHARSET=utf8;

-- 
-- dump ตาราง `order_detail`
-- 

INSERT INTO `order_detail` VALUES ('ORDER-000000', 1, 1);
INSERT INTO `order_detail` VALUES ('ORDER-000000', 17, 1);
INSERT INTO `order_detail` VALUES ('ORDER-000000', 11, 2);

-- --------------------------------------------------------

-- 
-- โครงสร้างตาราง `order_stock`
-- 

CREATE TABLE `order_stock` (
  `OrderStockID` int(10) NOT NULL auto_increment,
  `StockID` int(10) NOT NULL default '0',
  `Date` date NOT NULL default '0000-00-00',
  `Quantity` int(5) NOT NULL default '0',
  `Price` double NOT NULL default '0',
  PRIMARY KEY  (`OrderStockID`)
) ENGINE=MyISAM  DEFAULT CHARSET=utf8 AUTO_INCREMENT=6 ;

-- 
-- dump ตาราง `order_stock`
-- 

INSERT INTO `order_stock` VALUES (5, 1, '2008-04-27', 15, 2500);
INSERT INTO `order_stock` VALUES (2, 1, '2008-04-25', 40, 2500);
INSERT INTO `order_stock` VALUES (3, 1, '2008-04-25', 25, 2500);
INSERT INTO `order_stock` VALUES (4, 2, '2008-04-25', 3, 100);

-- --------------------------------------------------------

-- 
-- โครงสร้างตาราง `product`
-- 

CREATE TABLE `product` (
  `ProductID` int(5) NOT NULL auto_increment,
  `CatID` int(4) NOT NULL default '0',
  `ProductCode` varchar(20) NOT NULL default '',
  `ProductName` varchar(100) NOT NULL default '',
  `Description` text NOT NULL,
  `Promotion` enum('Yes','No') NOT NULL default 'No',
  `New` enum('Yes','No') NOT NULL default 'No',
  `PriceNormal` int(20) NOT NULL default '0',
  `Price` int(10) NOT NULL default '0',
  `PriceSend` int(10) NOT NULL default '0',
  `Picture` varchar(100) NOT NULL default '',
  `Stock` int(10) NOT NULL default '0',
  PRIMARY KEY  (`ProductID`),
  UNIQUE KEY `UQProductCode` (`ProductCode`)
) ENGINE=MyISAM  DEFAULT CHARSET=utf8 AUTO_INCREMENT=20 ;

-- 
-- dump ตาราง `product`
-- 

INSERT INTO `product` VALUES (1, 1, 'P0001', 'ตุ๊กตาหมีแอ๊บแบ๊ว', '<P><STRONG>ตูกตาแอ๊บแบ๊ว<BR>ฝีมือคนไทย<BR></STRONG>size: W120 x D60 x H43.5 cm.<BR>สี: Chrome-Coffee<BR></P>', 'No', 'Yes', 120, 99, 10, 'P0001.jpg', 49);
INSERT INTO `product` VALUES (2, 6, 'P0002', 'ตุ๊กตาช้างแอ๊บแบ๊ว', '<STRONG>ฝีมือคนไทย<BR></STRONG>size: W120 x D60 x H43.5 cm.<BR>สี: Chrome-Coffee ', 'Yes', 'No', 150, 99, 0, 'P0002.jpg', 50);
INSERT INTO `product` VALUES (3, 2, 'P0003', 'ตุ๊กตาหมาแอ๊บแบ๊ว', '<STRONG>ฝีมือคนไทย<BR></STRONG>size: W120 x D60 x H43.5 cm.<BR>สี: Chrome-Coffee ', 'Yes', 'No', 120, 98, 10, 'P0003.jpg', 50);
INSERT INTO `product` VALUES (4, 3, 'P0004', 'ตุ๊กตาเด็กแอ๊บแบ๊ว 1', '<STRONG>ฝีมือคนไทย<BR></STRONG>size: W120 x D60 x H43.5 cm.<BR>สี: Chrome-Coffee ', 'No', 'Yes', 200, 150, 20, 'P0004.jpg', 50);
INSERT INTO `product` VALUES (5, 3, 'P0005', 'ตุ๊กตาเด็กแอ๊บแบ๊ว 2', '<STRONG>ฝีมือคนไทย<BR></STRONG>size: W120 x D60 x H43.5 cm.<BR>สี: Chrome-Coffee ', 'No', 'No', 200, 150, 20, 'P0005.jpg', 50);
INSERT INTO `product` VALUES (6, 3, 'P0006', 'ตุ๊กตาเด็กแอ๊บแบ๊ว 3', '<STRONG>ฝีมือคนไทย<BR></STRONG>size: W120 x D60 x H43.5 cm.<BR>สี: Chrome-Coffee ', 'No', 'Yes', 200, 150, 20, 'P0006.jpg', 50);
INSERT INTO `product` VALUES (7, 3, 'P0007', 'ตุ๊กตาเด็กแอ๊บแบ๊ว 4', '<STRONG>ฝีมือคนไทย<BR></STRONG>size: W120 x D60 x H43.5 cm.<BR>สี: Chrome-Coffee ', 'No', 'No', 200, 150, 20, 'P0007.jpg', 50);
INSERT INTO `product` VALUES (8, 3, 'P0008', 'ตุ๊กตาเด็กแอ๊บแบ๊ว 5', '<STRONG>ฝีมือคนไทย<BR></STRONG>size: W120 x D60 x H43.5 cm.<BR>สี: Chrome-Coffee ', 'Yes', 'No', 200, 150, 20, 'P0008.jpg', 50);
INSERT INTO `product` VALUES (9, 3, 'P0009', 'ตุ๊กตาเด็กแอ๊บแบ๊ว 6', '<STRONG>ฝีมือคนไทย<BR></STRONG>size: W120 x D60 x H43.5 cm.<BR>สี: Chrome-Coffee ', 'No', 'No', 200, 150, 20, 'P0009.jpg', 50);
INSERT INTO `product` VALUES (10, 3, 'P0010', 'ตุ๊กตาเด็กแอ๊บแบ๊ว 7', '<STRONG>ฝีมือคนไทย<BR></STRONG>size: W120 x D60 x H43.5 cm.<BR>สี: Chrome-Coffee ', 'Yes', 'No', 200, 150, 20, 'P0010.jpg', 50);
INSERT INTO `product` VALUES (11, 3, 'P0011', 'ตุ๊กตาเด็กแอ๊บแบ๊ว 8', '<STRONG>ฝีมือคนไทย<BR></STRONG>size: W120 x D60 x H43.5 cm.<BR>สี: Chrome-Coffee ', 'Yes', 'No', 200, 150, 20, 'P0011.jpg', 48);
INSERT INTO `product` VALUES (12, 3, 'P0012', 'ตุ๊กตาเด็กแอ๊บแบ๊ว 9', '<STRONG>ฝีมือคนไทย<BR></STRONG>size: W120 x D60 x H43.5 cm.<BR>สี: Chrome-Coffee ', 'No', 'Yes', 200, 150, 20, 'P0012.jpg', 50);
INSERT INTO `product` VALUES (13, 3, 'P0013', 'ตุ๊กตาเด็กแอ๊บแบ๊ว 10', '<STRONG>ฝีมือคนไทย<BR></STRONG>size: W120 x D60 x H43.5 cm.<BR>สี: Chrome-Coffee ', 'No', 'Yes', 200, 150, 20, 'P0013.jpg', 50);
INSERT INTO `product` VALUES (14, 3, 'P0014', 'ตุ๊กตาเด็กแอ๊บแบ๊ว 11', '<STRONG>ฝีมือคนไทย<BR></STRONG>size: W120 x D60 x H43.5 cm.<BR>สี: Chrome-Coffee ', 'No', 'No', 200, 150, 20, 'P0014.jpg', 50);
INSERT INTO `product` VALUES (15, 6, 'P0015', 'ตู๊กตากระต่ายแอ๊บแบ๊ว', '<STRONG>ฝีมือคนไทย<BR></STRONG>size: W120 x D60 x H43.5 cm.<BR>สี: Chrome-Coffee ', 'No', 'No', 200, 150, 10, 'P0017.jpg', 90);
INSERT INTO `product` VALUES (16, 4, 'P0016', 'ตู๊กตาคิดตี้แอ๊บแบ๊ว', '<STRONG>ฝีมือคนไทย<BR></STRONG>size: W120 x D60 x H43.5 cm.<BR>สี: Chrome-Coffee ', 'No', 'No', 250, 200, 20, 'P0019.jpg', 50);
INSERT INTO `product` VALUES (17, 4, 'P0017', 'ตุ๊กจาคิดตี้แอ๊บแบ๊ว 2', '<STRONG>ฝีมือคนไทย<BR></STRONG>size: W120 x D60 x H43.5 cm.<BR>สี: Chrome-Coffee', 'No', 'Yes', 250, 200, 20, 'P0020.jpg', 49);
INSERT INTO `product` VALUES (18, 5, 'P0018', 'ตุ๊กตาหมาแอ๊บแบ๊ว  2', '<STRONG>ฝีมือคนไทย<BR></STRONG>size: W120 x D60 x H43.5 cm.<BR>สี: Chrome-Coffee ', 'No', 'No', 150, 98, 30, 'P0016.jpg', 50);
INSERT INTO `product` VALUES (19, 6, 'P0019', 'ตุ๊กตาปลาโลมาแอ๊บแบ็ว', '<STRONG>ฝีมือคนไทย<BR></STRONG>size: W120 x D60 x H43.5 cm.<BR>สี: Chrome-Coffee', 'No', 'No', 250, 200, 30, 'P0018.jpg', 50);

-- --------------------------------------------------------

-- 
-- โครงสร้างตาราง `question`
-- 

CREATE TABLE `question` (
  `QUESTION_ID` int(10) unsigned NOT NULL auto_increment,
  `SUBJECT` varchar(255) NOT NULL default '',
  `DESCRIPTION` text NOT NULL,
  `NAME` varchar(100) NOT NULL default '',
  `CREATEDATE` datetime NOT NULL default '0000-00-00 00:00:00',
  `IP` varchar(30) NOT NULL default '',
  `COUNTER` int(11) NOT NULL default '0',
  PRIMARY KEY  (`QUESTION_ID`)
) ENGINE=MyISAM  DEFAULT CHARSET=utf8 AUTO_INCREMENT=2 ;

-- 
-- dump ตาราง `question`
-- 

INSERT INTO `question` VALUES (1, 'ทดสอบการตั้งกระทู้จ้า', 'ทดสอบ ทดสอบ', 'ชลดา', '2008-04-04 00:06:15', '127.0.0.1', 0);

-- --------------------------------------------------------

-- 
-- โครงสร้างตาราง `reply`
-- 

CREATE TABLE `reply` (
  `REPLY_ID` int(10) NOT NULL auto_increment,
  `QUESTION_ID` int(10) NOT NULL default '0',
  `DESCRIPTION` text NOT NULL,
  `NAME` varchar(100) NOT NULL default '',
  `CREATEDATE` datetime NOT NULL default '0000-00-00 00:00:00',
  `IP` varchar(30) NOT NULL default '',
  PRIMARY KEY  (`REPLY_ID`)
) ENGINE=MyISAM  DEFAULT CHARSET=utf8 AUTO_INCREMENT=2 ;

-- 
-- dump ตาราง `reply`
-- 

INSERT INTO `reply` VALUES (1, 1, 'ทดสอบเหมือนกันจ้า', '', '2008-04-04 00:08:23', '127.0.0.1');

-- --------------------------------------------------------

-- 
-- โครงสร้างตาราง `status`
-- 

CREATE TABLE `status` (
  `id` int(2) NOT NULL default '0',
  `status_name` varchar(200) NOT NULL default ''
) ENGINE=MyISAM DEFAULT CHARSET=utf8;

-- 
-- dump ตาราง `status`
-- 

INSERT INTO `status` VALUES (1, 'รอการชำระเงิน');
INSERT INTO `status` VALUES (2, 'ชำระเงิน/จัดส่งสินค้าไปแล้ว');

-- --------------------------------------------------------

-- 
-- โครงสร้างตาราง `stock`
-- 

CREATE TABLE `stock` (
  `StockID` int(10) NOT NULL auto_increment,
  `StockCode` varchar(10) NOT NULL default '',
  `StockName` varchar(255) NOT NULL default '',
  `Number` varchar(100) NOT NULL default '',
  `Color` varchar(100) NOT NULL default '',
  `Stock` double NOT NULL default '0',
  PRIMARY KEY  (`StockID`)
) ENGINE=MyISAM  DEFAULT CHARSET=utf8 AUTO_INCREMENT=4 ;

-- 
-- dump ตาราง `stock`
-- 

INSERT INTO `stock` VALUES (1, '00001', 'กรรไกร', '5', 'ด้ามทอง', 25);
INSERT INTO `stock` VALUES (2, '00002', 'มีด', '9', 'เงิน', 50);
